{"id":240,"date":"2023-02-15T10:23:40","date_gmt":"2023-02-15T09:23:40","guid":{"rendered":"https:\/\/catedramiguelhernandez.umh.es\/?page_id=240"},"modified":"2023-02-22T12:11:28","modified_gmt":"2023-02-22T11:11:28","slug":"quienes-somos","status":"publish","type":"page","link":"https:\/\/catedramiguelhernandez.umh.es\/en\/quienes-somos\/","title":{"rendered":"<span lang=\"es\">(Espa\u00f1ol) QUI\u00c9NES SOMOS<\/span>"},"content":{"rendered":"<p>[et_pb_section fb_built=&#8221;1&#8243; _builder_version=&#8221;4.17.4&#8243; _module_preset=&#8221;default&#8221; global_colors_info=&#8221;{}&#8221;][et_pb_row _builder_version=&#8221;4.17.4&#8243; _module_preset=&#8221;default&#8221; global_colors_info=&#8221;{}&#8221;][et_pb_column type=&#8221;4_4&#8243; _builder_version=&#8221;4.17.4&#8243; _module_preset=&#8221;default&#8221; global_colors_info=&#8221;{}&#8221;][et_pb_text _builder_version=&#8221;4.17.4&#8243; _module_preset=&#8221;default&#8221; header_font=&#8221;|700|||||||&#8221; header_text_color=&#8221;#000000&#8243; hover_enabled=&#8221;0&#8243; global_colors_info=&#8221;{}&#8221; sticky_enabled=&#8221;0&#8243;]<\/p>\n<h1>QUI\u00c9NES SOMOS<\/h1>\n<p>[\/et_pb_text][et_pb_text _builder_version=&#8221;4.17.4&#8243; _module_preset=&#8221;default&#8221; text_text_color=&#8221;#000000&#8243; text_font_size=&#8221;16px&#8221; header_2_font=&#8221;|700|||on|||#000000|&#8221; header_2_text_color=&#8221;#000000&#8243; text_orientation=&#8221;justified&#8221; hover_enabled=&#8221;0&#8243; global_colors_info=&#8221;{}&#8221; sticky_enabled=&#8221;0&#8243;]<\/p>\n<h2>Funciones<\/h2>\n<ol>\n<li>Propagar entre el entorno m\u00e1s pr\u00f3ximo y en la comunidad universitaria la vida y obra de Miguel Hern\u00e1ndez, difundiendo los valores que le caracterizaron.<\/li>\n<li>Favorecer la promoci\u00f3n, impulso y desarrollo de cuantas acciones y actividades puedan contribuir a mejorar la proyecci\u00f3n social de la C\u00e1tedra.<\/li>\n<li>Fomentar la colaboraci\u00f3n y la realizaci\u00f3n de convenios con otras instituciones y organismos p\u00fablicos y privados, para los objetivos propios de la C\u00e1tedra.<\/li>\n<li>Organizar y fomentar cursos, seminarios, reuniones cient\u00edficas y foros abiertos de debate y reflexi\u00f3n, as\u00ed como programas de estudio e investigaci\u00f3n.<\/li>\n<\/ol>\n<h2>Objetivos<\/h2>\n<ol>\n<li>Potenciar el estudio de la obra de Miguel Hern\u00e1ndez, tanto po\u00e9tica como teatral, epistolar, period\u00edstica y ensay\u00edstica.<\/li>\n<li>Difundir su vida y obra, especialmente en los \u00e1mbitos universitarios y acad\u00e9micos, acrecentando los v\u00ednculos sociales de la Universidad Miguel Hern\u00e1ndez de Elche.<\/li>\n<li>Propiciar la realizaci\u00f3n de proyectos de investigaci\u00f3n y tesis doctorales sobre distintos aspectos de la biograf\u00eda y bibliograf\u00eda hernandiana.<\/li>\n<li>Editar publicaciones especializadas en Miguel Hern\u00e1ndez.<\/li>\n<li>Organizar congresos, seminarios, encuentros, cursos de verano, en torno a la figura de Miguel Hern\u00e1ndez.<\/li>\n<li>Crear una secci\u00f3n hernandiana en la biblioteca de la Universidad Miguel Hern\u00e1ndez de Elche.<\/li>\n<li>Colaborar con todas aquellas instituciones, organizaciones y asociaciones p\u00fablicas o privadas que realicen actividades hernandianas.<\/li>\n<li>Establecer convenios de patrocinio y mecenazgo con instituciones p\u00fablicas o privadas que deseen colaborar en la realizaci\u00f3n de las actividades organizadas por esta C\u00e1tedra.<\/li>\n<\/ol>\n<h2>Los inicios de la C\u00e1tedra<\/h2>\n<p>A propuesta del Rector Magn\u00edfico de la Universidad Miguel Hern\u00e1ndez de Elche, D. Jes\u00fas Rodr\u00edguez Mar\u00edn, el Consejo de Gobierno de la Universidad Miguel Hern\u00e1ndez, reunido en sesi\u00f3n el 3 de marzo de 2010, aprob\u00f3 la creaci\u00f3n de la C\u00e1tedra Miguel Hern\u00e1ndez (Bolet\u00edn Oficial de la UMH, 5 de marzo de 2010).<\/p>\n<p>[\/et_pb_text][\/et_pb_column][\/et_pb_row][\/et_pb_section]<\/p>\n","protected":false},"excerpt":{"rendered":"<p>QUI\u00c9NES SOMOSFunciones Propagar entre el entorno m\u00e1s pr\u00f3ximo y en la comunidad universitaria la vida y obra de Miguel Hern\u00e1ndez, difundiendo los valores que le caracterizaron. Favorecer la promoci\u00f3n, impulso y desarrollo de cuantas acciones y actividades puedan contribuir a mejorar la proyecci\u00f3n social de la C\u00e1tedra. Fomentar la colaboraci\u00f3n y la realizaci\u00f3n de convenios [&hellip;]<\/p>\n","protected":false},"author":23459,"featured_media":0,"parent":0,"menu_order":0,"comment_status":"closed","ping_status":"closed","template":"","meta":{"_et_pb_use_builder":"on","_et_pb_old_content":"","_et_gb_content_width":"","_links_to":"","_links_to_target":""},"_links":{"self":[{"href":"https:\/\/catedramiguelhernandez.umh.es\/en\/wp-json\/wp\/v2\/pages\/240"}],"collection":[{"href":"https:\/\/catedramiguelhernandez.umh.es\/en\/wp-json\/wp\/v2\/pages"}],"about":[{"href":"https:\/\/catedramiguelhernandez.umh.es\/en\/wp-json\/wp\/v2\/types\/page"}],"author":[{"embeddable":true,"href":"https:\/\/catedramiguelhernandez.umh.es\/en\/wp-json\/wp\/v2\/users\/23459"}],"replies":[{"embeddable":true,"href":"https:\/\/catedramiguelhernandez.umh.es\/en\/wp-json\/wp\/v2\/comments?post=240"}],"version-history":[{"count":0,"href":"https:\/\/catedramiguelhernandez.umh.es\/en\/wp-json\/wp\/v2\/pages\/240\/revisions"}],"wp:attachment":[{"href":"https:\/\/catedramiguelhernandez.umh.es\/en\/wp-json\/wp\/v2\/media?parent=240"}],"curies":[{"name":"wp","href":"https:\/\/api.w.org\/{rel}","templated":true}]}}

<span lang="es">(Español) QUIÉNES SOMOS</span>

<p>[et_pb_section fb_built=&#8221;1&#8243; _builder_version=&#8221;4.17.4&#8243; _module_preset=&#8221;default&#8221; global_colors_info=&#8221;{}&#8221;][et_pb_row _builder_version=&#8221;4.17.4&#8243; _module_preset=&#8221;default&#8221; global_colors_info=&#8221;{}&#8221;][et_pb_column type=&#8221;4_4&#8243; _builder_version=&#8221;4.17.4&#8243; _module_preset=&#8221;default&#8221; global_colors_info=&#8221;{}&#8221;][et_pb_text _builder_version=&#8221;4.17.4&#8243; _module_preset=&#8221;default&#8221; header_font=&#8221;|700|||||||&#8221; header_text_color=&#8221;#000000&#8243; hover_enabled=&#8221;0&#8243; global_colors_info=&#8221;{}&#8221; sticky_enabled=&#8221;0&#8243;]</p>
<h1>QUIÉNES SOMOS</h1>
<p>[/et_pb_text][et_pb_text _builder_version=&#8221;4.17.4&#8243; _module_preset=&#8221;default&#8221; text_text_color=&#8221;#000000&#8243; text_font_size=&#8221;16px&#8221; header_2_font=&#8221;|700|||on|||#000000|&#8221; header_2_text_color=&#8221;#000000&#8243; text_orientation=&#8221;justified&#8221; hover_enabled=&#8221;0&#8243; global_colors_info=&#8221;{}&#8221; sticky_enabled=&#8221;0&#8243;]</p>
<h2>Funciones</h2>
<ol>
<li>Propagar entre el entorno más próximo y en la comunidad universitaria la vida y obra de Miguel Hernández, difundiendo los valores que le caracterizaron.</li>
<li>Favorecer la promoción, impulso y desarrollo de cuantas acciones y actividades puedan contribuir a mejorar la proyección social de la Cátedra.</li>
<li>Fomentar la colaboración y la realización de convenios con otras instituciones y organismos públicos y privados, para los objetivos propios de la Cátedra.</li>
<li>Organizar y fomentar cursos, seminarios, reuniones científicas y foros abiertos de debate y reflexión, así como programas de estudio e investigación.</li>
</ol>
<h2>Objetivos</h2>
<ol>
<li>Potenciar el estudio de la obra de Miguel Hernández, tanto poética como teatral, epistolar, periodística y ensayística.</li>
<li>Difundir su vida y obra, especialmente en los ámbitos universitarios y académicos, acrecentando los vínculos sociales de la Universidad Miguel Hernández de Elche.</li>
<li>Propiciar la realización de proyectos de investigación y tesis doctorales sobre distintos aspectos de la biografía y bibliografía hernandiana.</li>
<li>Editar publicaciones especializadas en Miguel Hernández.</li>
<li>Organizar congresos, seminarios, encuentros, cursos de verano, en torno a la figura de Miguel Hernández.</li>
<li>Crear una sección hernandiana en la biblioteca de la Universidad Miguel Hernández de Elche.</li>
<li>Colaborar con todas aquellas instituciones, organizaciones y asociaciones públicas o privadas que realicen actividades hernandianas.</li>
<li>Establecer convenios de patrocinio y mecenazgo con instituciones públicas o privadas que deseen colaborar en la realización de las actividades organizadas por esta Cátedra.</li>
</ol>
<h2>Los inicios de la Cátedra</h2>
<p>A propuesta del Rector Magnífico de la Universidad Miguel Hernández de Elche, D. Jesús Rodríguez Marín, el Consejo de Gobierno de la Universidad Miguel Hernández, reunido en sesión el 3 de marzo de 2010, aprobó la creación de la Cátedra Miguel Hernández (Boletín Oficial de la UMH, 5 de marzo de 2010).</p>
<p>[/et_pb_text][/et_pb_column][/et_pb_row][/et_pb_section]</p>

<p>QUIÉNES SOMOSFunciones Propagar entre el entorno más próximo y en la comunidad universitaria la vida y obra de Miguel Hernández, difundiendo los valores que le caracterizaron. Favorecer la promoción, impulso y desarrollo de cuantas acciones y actividades puedan contribuir a mejorar la proyección social de la Cátedra. Fomentar la colaboración y la realización de convenios [&hellip;]</p>
