{"id":505,"date":"2023-02-15T12:48:28","date_gmt":"2023-02-15T11:48:28","guid":{"rendered":"https:\/\/catedramiguelhernandez.umh.es\/?page_id=505"},"modified":"2023-02-15T13:55:59","modified_gmt":"2023-02-15T12:55:59","slug":"fundacion-cultural-miguel-hernandez","status":"publish","type":"page","link":"https:\/\/catedramiguelhernandez.umh.es\/en\/fundacion-cultural-miguel-hernandez\/","title":{"rendered":"<span lang=\"es\">(Espa\u00f1ol) Fundaci\u00f3n cultural Miguel Hern\u00e1ndez<\/span>"},"content":{"rendered":"[et_pb_section fb_built=&#8221;1&#8243; admin_label=&#8221;section&#8221; _builder_version=&#8221;4.16&#8243; global_colors_info=&#8221;{}&#8221;][et_pb_row admin_label=&#8221;row&#8221; _builder_version=&#8221;4.16&#8243; background_size=&#8221;initial&#8221; background_position=&#8221;top_left&#8221; background_repeat=&#8221;repeat&#8221; global_colors_info=&#8221;{}&#8221;][et_pb_column type=&#8221;4_4&#8243; _builder_version=&#8221;4.16&#8243; custom_padding=&#8221;|||&#8221; global_colors_info=&#8221;{}&#8221; custom_padding__hover=&#8221;|||&#8221;][et_pb_text admin_label=&#8221;Text&#8221; _builder_version=&#8221;4.17.4&#8243; header_font=&#8221;|700|||||||&#8221; background_size=&#8221;initial&#8221; background_position=&#8221;top_left&#8221; background_repeat=&#8221;repeat&#8221; hover_enabled=&#8221;0&#8243; global_colors_info=&#8221;{}&#8221; header_text_color=&#8221;#000000&#8243; sticky_enabled=&#8221;0&#8243; text_text_color=&#8221;#000000&#8243; text_font_size=&#8221;16px&#8221; text_orientation=&#8221;justified&#8221;]<h1>FUNDACI\u00d3N CULTURAL MIGUEL HERN\u00c1NDEZ (ORIHUELA)<\/h1>\n<p>&nbsp;<\/p>\n<p><span style=\"text-decoration: underline; color: #0000ff;\"><a href=\"http:\/\/www.miguelhernandezvirtual.es\/new\/\" target=\"_blank\" rel=\"noreferrer noopener\" style=\"color: #0000ff; text-decoration: underline;\">Fundaci\u00f3n cultural Miguel Hern\u00e1ndez<\/a><\/span><\/p>\n<p><!-- \/wp:paragraph --><\/p>\n<p><!-- wp:paragraph -->La Fundaci\u00f3n Cultural Miguel Hern\u00e1ndez fue constituida el 13 de julio de 1994 para preservar el recuerdo y la memoria de la obra del universal poeta oriolano. Firmaron los estatutos, junto con los herederos legales de Hern\u00e1ndez, los representantes de la Generalitat Valenciana, la Diputaci\u00f3n provincial de Alicante y los ayuntamientos de Alicante, Elche y Orihuela.<\/p>\n<p><!-- \/wp:paragraph --><\/p>\n<p><!-- wp:paragraph -->En la actalidad est\u00e1 integrada por la Generalitat Valenciana, la Dipuact\u00f3n de Alicante, los ayuntamientos de Orihuela, Cox y Alicante, la Universidad Miguel Hern\u00e1ndez de Elche, la Universidad de Alicante y Fundaci\u00f3n Mediterr\u00e1neo.<\/p>\n<p>&nbsp;<\/p>[\/et_pb_text][\/et_pb_column][\/et_pb_row][\/et_pb_section]","protected":false},"excerpt":{"rendered":"<p>FUNDACI\u00d3N CULTURAL MIGUEL HERN\u00c1NDEZ (ORIHUELA) &nbsp; Fundaci\u00f3n cultural Miguel Hern\u00e1ndez La Fundaci\u00f3n Cultural Miguel Hern\u00e1ndez fue constituida el 13 de julio de 1994 para preservar el recuerdo y la memoria de la obra del universal poeta oriolano. Firmaron los estatutos, junto con los herederos legales de Hern\u00e1ndez, los representantes de la Generalitat Valenciana, la Diputaci\u00f3n [&hellip;]<\/p>\n","protected":false},"author":23459,"featured_media":0,"parent":0,"menu_order":0,"comment_status":"closed","ping_status":"closed","template":"","meta":{"_et_pb_use_builder":"on","_et_pb_old_content":"","_et_gb_content_width":"","_links_to":"","_links_to_target":""},"_links":{"self":[{"href":"https:\/\/catedramiguelhernandez.umh.es\/en\/wp-json\/wp\/v2\/pages\/505"}],"collection":[{"href":"https:\/\/catedramiguelhernandez.umh.es\/en\/wp-json\/wp\/v2\/pages"}],"about":[{"href":"https:\/\/catedramiguelhernandez.umh.es\/en\/wp-json\/wp\/v2\/types\/page"}],"author":[{"embeddable":true,"href":"https:\/\/catedramiguelhernandez.umh.es\/en\/wp-json\/wp\/v2\/users\/23459"}],"replies":[{"embeddable":true,"href":"https:\/\/catedramiguelhernandez.umh.es\/en\/wp-json\/wp\/v2\/comments?post=505"}],"version-history":[{"count":0,"href":"https:\/\/catedramiguelhernandez.umh.es\/en\/wp-json\/wp\/v2\/pages\/505\/revisions"}],"wp:attachment":[{"href":"https:\/\/catedramiguelhernandez.umh.es\/en\/wp-json\/wp\/v2\/media?parent=505"}],"curies":[{"name":"wp","href":"https:\/\/api.w.org\/{rel}","templated":true}]}}

<span lang="es">(Español) Fundación cultural Miguel Hernández</span>

[et_pb_section fb_built=&#8221;1&#8243; admin_label=&#8221;section&#8221; _builder_version=&#8221;4.16&#8243; global_colors_info=&#8221;{}&#8221;][et_pb_row admin_label=&#8221;row&#8221; _builder_version=&#8221;4.16&#8243; background_size=&#8221;initial&#8221; background_position=&#8221;top_left&#8221; background_repeat=&#8221;repeat&#8221; global_colors_info=&#8221;{}&#8221;][et_pb_column type=&#8221;4_4&#8243; _builder_version=&#8221;4.16&#8243; custom_padding=&#8221;|||&#8221; global_colors_info=&#8221;{}&#8221; custom_padding__hover=&#8221;|||&#8221;][et_pb_text admin_label=&#8221;Text&#8221; _builder_version=&#8221;4.17.4&#8243; header_font=&#8221;|700|||||||&#8221; background_size=&#8221;initial&#8221; background_position=&#8221;top_left&#8221; background_repeat=&#8221;repeat&#8221; hover_enabled=&#8221;0&#8243; global_colors_info=&#8221;{}&#8221; header_text_color=&#8221;#000000&#8243; sticky_enabled=&#8221;0&#8243; text_text_color=&#8221;#000000&#8243; text_font_size=&#8221;16px&#8221; text_orientation=&#8221;justified&#8221;]<h1>FUNDACIÓN CULTURAL MIGUEL HERNÁNDEZ (ORIHUELA)</h1>
<p>&nbsp;</p>
<p><span style="text-decoration: underline; color: #0000ff;"><a href="http://www.miguelhernandezvirtual.es/new/" target="_blank" rel="noreferrer noopener" style="color: #0000ff; text-decoration: underline;">Fundación cultural Miguel Hernández</a></span></p>
<p><!-- /wp:paragraph --></p>
<p><!-- wp:paragraph -->La Fundación Cultural Miguel Hernández fue constituida el 13 de julio de 1994 para preservar el recuerdo y la memoria de la obra del universal poeta oriolano. Firmaron los estatutos, junto con los herederos legales de Hernández, los representantes de la Generalitat Valenciana, la Diputación provincial de Alicante y los ayuntamientos de Alicante, Elche y Orihuela.</p>
<p><!-- /wp:paragraph --></p>
<p><!-- wp:paragraph -->En la actalidad está integrada por la Generalitat Valenciana, la Dipuactón de Alicante, los ayuntamientos de Orihuela, Cox y Alicante, la Universidad Miguel Hernández de Elche, la Universidad de Alicante y Fundación Mediterráneo.</p>
<p>&nbsp;</p>[/et_pb_text][/et_pb_column][/et_pb_row][/et_pb_section]

<p>FUNDACIÓN CULTURAL MIGUEL HERNÁNDEZ (ORIHUELA) &nbsp; Fundación cultural Miguel Hernández La Fundación Cultural Miguel Hernández fue constituida el 13 de julio de 1994 para preservar el recuerdo y la memoria de la obra del universal poeta oriolano. Firmaron los estatutos, junto con los herederos legales de Hernández, los representantes de la Generalitat Valenciana, la Diputación [&hellip;]</p>
